at is the hundreds digit of 9621736?
7
What is the tens digit of 40950?
5
What is the hundreds digit of 401723?
7
What is the tens digit of 4098883?
8
What is the ten thousands digit of 978061?
7
What is the units digit of 70770?
0
What is the thousands digit of 7855913?
5
What is the hundred thousands digit of 2823784?
8
What is the hundred thousands digit of 10084215?
0
What is the millions digit of 2155001?
2
What is the millions digit of 25526604?
5
What is the tens digit of 522335?
3
What is the ten thousands digit of 1205974?
0
What is the hundred thousands digit of 355569?
3
What is the millions digit of 1591802?
1
What is the tens digit of 116002?
0
What is the thousands digit of 9068755?
8
What is the hundreds digit of 6820419?
4
What is the thousands digit of 10371466?
1
What is the hundreds digit of 10865819?
8
What is the tens digit of 70039?
3
What is the hundreds digit of 927820?
8
What is the tens digit of 1573705?
0
What is the thousands digit of 190273?
0
What is the ten millions digit of 10347231?
1
What is the tens digit of 5283560?
6
What is the hundreds digit of 890641?
6
What is the ten thousands digit of 835874?
3
What is the hundred thousands digit of 230529?
2
What is the hundreds digit of 959419?
4
What is the tens digit of 1516425?
2
What is the millions digit of 2765551?
2
What is the units digit of 8732579?
9
What is the hundreds digit of 3894008?
0
What is the ten millions digit of 18898715?
1
What is the hundreds digit of 490216?
2
What is the hundred thousands digit of 219851?
2
What is the units digit of 2231348?
8
What is the thousands digit of 351141?
1
What is the hundred thousands digit of 385042?
3
What is the units digit of 167542?
2
What is the hundreds digit of 602044?
0
What is the ten thousands digit of 1473409?
7
What is the units digit of 370669?
9
What is the hundreds digit of 434623?
6
What is the thousands digit of 18883508?
3
What is the hundreds digit of 6811061?
0
What is the thousands digit of 38179?
8
What is the ten thousands digit of 40212?
4
What is the units digit of 220905?
5
What is the units digit of 6601854?
4
What is the hundreds digit of 1002737?
7
What is the units digit of 16394187?
7
What is the tens digit of 1957432?
3
What is the millions digit of 21137143?
1
What is the thousands digit of 304800?
4
What is the units digit of 381210?
0
What is the ten thousands digit of 2950588?
5
What is the units digit of 15163330?
0
What is the hundred thousands digit of 1078322?
0
What is the hundred thousands digit of 996256?
9
What is the ten thousands digit of 19090?
1
What is the millions digit of 3806689?
3
What is the hundred thousands digit of 14322473?
3
What is the thousands digit of 47840?
7
What is the ten thousands digit of 889266?
8
What is the millions digit of 1090375?
1
What is the thousands digit of 12492566?
2
What is the hundred thousands digit of 1501789?
5
What is the hundred thousands digit of 26695148?
6
What is the hundred thousands digit of 8112829?
1
What is the hundred thousands digit of 2656508?
6
What is the ten thousands digit of 39894467?
9
What is the units digit of 1145612?
2
What is the hundred thousands digit of 710191?
7
What is the tens digit of 260?
6
What is the tens digit of 1714164?
6
What is the hundreds digit of 651262?
2
What is the thousands digit of 138915?
8
What is the hundreds digit of 317363?
3
What is the thousands digit of 157986?
7
What is the hundreds digit of 610328?
3
What is the tens digit of 7027007?
0
What is the thousands digit of 46210?
6
What is the thousands digit of 817364?
7
What is the tens digit of 803812?
1
What is the hundred thousands digit of 636474?
6
What is the tens digit of 1780195?
9
What is the units digit of 4105504?
4
What is the millions digit of 5300871?
5
What is the ten thousands digit of 91570?
9
What is the thousands digit of 10447951?
7
What is the units digit of 157687?
7
What is the hundred thousands digit of 14877989?
8
What is the hundreds digit of 15100684?
6
What is the thousands digit of 574243?
4
What is the hundred thousands digit of 2913608?
9
What is the ten thousands digit of 105303?
0
What is the hundred thousands digit of 5678935?
6
What is the tens digit of 20869380?
8
What is the millions digit of 2802865?
2
What is the millions digit of 3311236?
3
What is the tens digit of 10605291?
9
What is the millions digit of 4545028?
4
What is the tens digit of 629253?
5
What is the hundreds digit of 79256?
2
What is the units digit of 19887277?
7
What is the hundreds digit of 3994717?
7
What is the millions digit of 8719013?
8
What is the hundred thousands digit of 19307443?
3
What is the units digit of 276940?
0
What is the thousands digit of 8510?
8
What is the ten thousands digit of 47674?
4
What is the millions digit of 5485039?
5
What is the units digit of 18530?
0
What is the units digit of 779895?
5
What is the units digit of 2822414?
4
What is the thousands digit of 571409?
1
What is the thousands digit of 724989?
4
What is the tens digit of 14266692?
9
What is the units digit of 4651776?
6
What is the hundreds digit of 465356?
3
What is the hundreds digit of 81766?
7
What is the ten thousands digit of 257755?
5
What is the tens digit of 192308?
0
What is the units digit of 8011900?
0
What is the tens digit of 13368974?
7
What is the thousands digit of 496390?
6
What is the hundreds digit of 118263?
2
What is the ten thousands digit of 1860416?
6
What is the tens digit of 2088794?
9
What is the units digit of 2098389?
9
What is the tens digit of 8142575?
7
What is the hundred thousands digit of 1613381?
6
What is the hundreds digit of 14082466?
4
What is the hundreds digit of 11737997?
9
What is the hundred thousands digit of 10542744?
5
What is the hundreds digit of 84309?
3
What is the tens digit of 541514?
1
What is the hundreds digit of 2328027?
0
What is the units digit of 3138646?
6
What is the thousands digit of 286160?
6
What is the tens digit of 152667?
6
What is the tens digit of 235651?
5
What is the units digit of 14258?
8
What is the ten thousands digit of 29090315?
9
What is the ten thousands digit of 1419886?
1
What is the hundred thousands digit of 2159948?
1
What is the hundred thousands digit of 876337?
8
What is the units digit of 355212?
2
What is the thousands digit of 5237?
5
What is the hundred thousands digit of 1708842?
7
What is the thousands digit of 6020122?
0
What is the tens digit of 6187836?
3
What is the tens digit of 893115?
1
What is the tens digit of 792914?
1
What is the thousands digit of 298166?
8
What is the units digit of 848216?
6
What is the tens digit of 6122523?
2
What is the ten thousands digit of 20360250?
6
What is the units digit of 585442?
2
What is the hundred thousands digit of 1667168?
6
What is the thousands digit of 90006?
0
What is the ten thousands digit of 5252827?
5
What is the units digit of 342752?
2
What is the hundred thousands digit of 1377455?
3
What is the thousands digit of 420018?
0
What is the hundreds digit of 492576?
5
What is the units digit of 1194427?
7
What is the units digit of 406418?
8
What is the hundred thousands digit of 385124?
3
What is the units digit of 245805?
5
What is the tens digit of 11990091?
9
What is the thousands digit of 547042?
7
What is the hundred thousands digit of 5942926?
9
What is the millions digit of 3554640?
3
What is the tens digit of 147093?
9
What is the tens digit of 4979206?
0
What is the hundred thousands digit of 3570979?
5
What is the hundred thousands digit of 878216?
8
What is the millions digit of 6963170?
6
What is the hundreds digit of 189094?
0
What is the tens digit of 191745?
4
What is the tens digit of 37187?
8
What is the ten thousands digit of 43038?
4
What is the tens digit of 67818?
1
What is the hundred thousands digit of 2018465?
0
What is the units digit of 156063?
3
What is the tens digit of 175110?
1
What is the hundreds digit of 156031?
0
What is the tens digit of 969656?
5
What is the hundred thousands digit of 3537392?
5
What is the thousands digit of 101048?
1
What is the units digit of 10141028?
8
What is the units digit of 1052928?
8
What is the thousands digit of 4283797?
3
What is the units digit of 3416486?
6
What is the tens digit of 45699?
9
What 